 divided by 10.
9
Calculate the remainder when 7728 is divided by 52.
32
What is the remainder when 2779 is divided by 120?
19
Calculate the remainder when 12729 is divided by 508.
29
What is the remainder when 52851 is divided by 313?
267
What is the remainder when 94301 is divided by 344?
45
What is the remainder when 850 is divided by 296?
258
Calculate the remainder when 2951 is divided by 918.
197
Calculate the remainder when 3216 is divided by 111.
108
What is the remainder when 17254 is divided by 5744?
22
What is the remainder when 854 is divided by 222?
188
Calculate the remainder when 2813 is divided by 1406.
1
Calculate the remainder when 18135 is divided by 19.
9
What is the remainder when 13487 is divided by 432?
95
What is the remainder when 35029 is divided by 6998?
39
Calculate the remainder when 347803 is divided by 119.
85
Calculate the remainder when 40634 is divided by 945.
944
What is the remainder when 14313 is divided by 72?
57
What is the remainder when 106223 is divided by 73?
8
What is the remainder when 27066 is divided by 6599?
670
Calculate the remainder when 207766 is divided by 4155.
16
What is the remainder when 1640692 is divided by 300?
292
What is the remainder when 12580 is divided by 434?
428
What is the remainder when 5536 is divided by 1841?
13
Calculate the remainder when 29673 is divided by 9679.
636
Calculate the remainder when 92586 is divided by 50.
36
Calculate the remainder when 22933 is divided by 2547.
10
Calculate the remainder when 3678817 is divided by 209.
208
Calculate the remainder when 29220 is divided by 1391.
9
What is the remainder when 1334 is divided by 212?
62
What is the remainder when 292136 is divided by 77?
75
Calculate the remainder when 77794 is divided by 617.
52
What is the remainder when 773826 is divided by 257?
256
What is the remainder when 136250 is divided by 6?
2
What is the remainder when 2925 is divided by 15?
0
What is the remainder when 28179 is divided by 66?
63
Calculate the remainder when 6010 is divided by 1999.
13
What is the remainder when 567449 is divided by 225?
224
Calculate the remainder when 6497 is divided by 52.
49
Calculate the remainder when 613 is divided by 99.
19
Calculate the remainder when 170617 is divided by 5.
2
Calculate the remainder when 26047 is divided by 13020.
7
What is the remainder when 8845 is divided by 454?
219
What is the remainder when 52547 is divided by 370?
7
What is the remainder when 999 is divided by 139?
26
What is the remainder when 13188 is divided by 1879?
35
Calculate the remainder when 2323 is divided by 177.
22
Calculate the remainder when 17327 is divided by 5766.
29
What is the remainder when 8832 is divided by 9?
3
Calculate the remainder when 227598 is divided by 75855.
33
Calculate the remainder when 130909 is divided by 95.
94
What is the remainder when 185958 is divided by 30992?
6
What is the remainder when 87324 is divided by 9680?
204
Calculate the remainder when 63898 is divided by 1879.
12
What is the remainder when 4542305 is divided by 11?
9
Calculate the remainder when 5303 is divided by 796.
527
Calculate the remainder when 2894 is divided by 112.
94
What is the remainder when 13861 is divided by 288?
37
Calculate the remainder when 8152 is divided by 1.
0
Calculate the remainder when 116252 is divided by 12.
8
Calculate the remainder when 6354 is divided by 791.
26
What is the remainder when 2713 is divided by 57?
34
Calculate the remainder when 2829 is divided by 699.
33
Calculate the remainder when 168932 is divided by 264.
236
What is the remainder when 112247 is divided by 28048?
55
What is the remainder when 2654 is divided by 1089?
476
What is the remainder when 325083 is divided by 91?
31
Calculate the remainder when 65985 is divided by 224.
129
What is the remainder when 7160 is divided by 143?
10
Calculate the remainder when 20975 is divided by 3489.
41
Calculate the remainder when 51362 is divided by 435.
32
What is the remainder when 1529 is divided by 126?
17
What is the remainder when 14150 is divided by 2011?
73
Calculate the remainder when 946 is divided by 221.
62
What is the remainder when 15229 is divided by 1121?
656
Calculate the remainder when 232634 is divided by 77538.
20
What is the remainder when 522586 is divided by 222?
220
What is the remainder when 59854 is divided by 1459?
35
What is the remainder when 5834 is divided by 909?
380
What is the remainder when 14245 is divided by 160?
5
What is the remainder when 89237 is divided by 587?
13
What is the remainder when 9198 is divided by 270?
18
What is the remainder when 7250 is divided by 155?
120
Calculate the remainder when 8711 is divided by 8695.
16
What is the remainder when 1470 is divided by 684?
102
Calculate the remainder when 195796 is divided by 122.
108
What is the remainder when 51278 is divided by 40?
38
What is the remainder when 3965 is divided by 1165?
470
What is the remainder when 7088 is divided by 2238?
374
Calculate the remainder when 3282 is divided by 702.
474
Calculate the remainder when 10237 is divided by 28.
17
Calculate the remainder when 7532 is divided by 3763.
6
Calculate the remainder when 1326 is divided by 432.
30
Calculate the remainder when 3018 is divided by 514.
448
Calculate the remainder when 39101 is divided by 12.
5
Calculate the remainder when 8100 is divided by 32.
4
Calculate the remainder when 26285 is divided by 1096.
1077
What is the remainder when 13272 is divided by 802?
440
Calculate the remainder when 51526 is divided by 678.
676
What is the remainder when 4556 is divided by 177?
131
Calculate the remainder when 48741 is divided by 24360.
21
Calculate the remainder when 74018 is divided by 40.
18
What is the remainder when 4892 is divided by 348?
20
What is the remainder when 4793 is divided by 497?
320
Calculate the remainder when 10485 is divided by 150.
135
What is the remainder when 695 is divided by 157?
67
Calculate the remainder when 8975 is divided by 281.
264
What is the remainder when 28366 is divided by 945?
16
Calculate the remainder when 222 is divided by 102.
18
Calculate the remainder when 5114 is divided by 731.
728
What is the remainder when 1692 is divided by 411?
48
What is the remainder when 251377 is divided by 218?
23
What is the remainder when 180673 is divided by 45161?
29
Calculate the remainder when 7443 is divided by 2435.
138
Calculate the remainder when 26914 is divided by 6.
4
What is the remainder when 8904 is divided by 377?
233
What is the remainder when 1612 is divided by 691?
230
Calculate the remainder when 7801 is divided by 1297.
19
What is the remainder when 191595 is divided by 42?
33
What is the remainder when 3626 is divided by 500?
126
What is the remainder when 1404 is divided by 605?
194
Calculate the remainder when 1706704 is divided by 91.
90
Calculate the remainder when 60008 is divided by 1814.
146
Calculate the remainder when 31933 is divided by 31775.
158
Calculate the remainder when 90123 is divided by 30018.
69
What is the remainder when 1677401 is divided by 446?
441
What is the remainder when 1575 is divided by 1?
0
Calculate the remainder when 159347 is divided by 30.
17
What is the remainder when 32149 is divided by 153?
19
Calculate the remainder when 9193 is divided by 727.
469
What is the remainder when 215 is divided by 196?
19
Calculate the remainder when 4456 is divided by 540.
136
Calculate the remainder when 365843 is divided by 47.
42
What is the remainder when 5768687 is divided by 1103?
1100
Calculate the remainder when 104932 is divided by 43.
12
What is the remainder when 1646 is divided by 275?
271
What is the remainder when 1971 is divided by 859?
253
What is the remainder when 285300 is divided by 127?
58
Calculate the remainder when 73982 is divided by 1681.
18
Calculate the remainder when 2189 is divided by 1091.
7
What is the remainder when 9908 is divided by 2471?
24
Calculate the remainder when 17567 is divided by 130.
17
What is the remainder when 771 is divided by 409?
362
What is the remainder when 1374908 is divided by 528?
524
What is the remainder when 780633 is divided by 130104?
9
What is the remainder when 33753 is divided by 536?
521
What is the remainder when 52095 is divided by